{"id":634,"date":"2024-01-08T08:48:12","date_gmt":"2024-01-08T07:48:12","guid":{"rendered":"https:\/\/himmelhoch.ch\/web\/?page_id=634"},"modified":"2024-01-08T08:52:01","modified_gmt":"2024-01-08T07:52:01","slug":"dokument-nicht-verfuegbar","status":"publish","type":"page","link":"https:\/\/www.himmelhoch.ch\/web\/dokument-nicht-verfuegbar\/","title":{"rendered":"Dokument nicht verf\u00fcgbar"},"content":{"rendered":"<p><img decoding=\"async\" src=\"http:\/\/himmelhoch.ch\/web\/wp-content\/uploads\/2019\/06\/08-7.jpg\" alt=\"\" width=\"30%\" height=\"auto\" class=\"alignnone size-full wp-image-399\" srcset=\"https:\/\/www.himmelhoch.ch\/web\/wp-content\/uploads\/2019\/06\/08-7.jpg 496w, https:\/\/www.himmelhoch.ch\/web\/wp-content\/uploads\/2019\/06\/08-7-248x300.jpg 248w, https:\/\/www.himmelhoch.ch\/web\/wp-content\/uploads\/2019\/06\/08-7-397x480.jpg 397w\" sizes=\"(max-width: 496px) 100vw, 496px\" \/><\/p>\n<p>UPPS. Das gew\u00fcnschte Dokument wurde verschoben oder ist nicht mehr verf\u00fcgbar. Bitte entschuldigen Sie den Fehler. <\/p>\n<p><a href=\"https:\/\/www.himmelhoch.ch\/web\">zur\u00fcck zum Einstieg.<\/a><\/p>\n","protected":false},"excerpt":{"rendered":"<p>UPPS. Das gew\u00fcnschte Dokument wurde verschoben oder ist nicht mehr verf\u00fcgbar. Bitte entschuldigen Sie den Fehler. zur\u00fcck zum Einstieg.<\/p>\n","protected":false},"author":1,"featured_media":540,"parent":0,"menu_order":0,"comment_status":"closed","ping_status":"closed","template":"TMP_SUB.php","meta":{"_acf_changed":false,"footnotes":""},"class_list":["post-634","page","type-page","status-publish","has-post-thumbnail","hentry"],"acf":[],"_links":{"self":[{"href":"https:\/\/www.himmelhoch.ch\/web\/wp-json\/wp\/v2\/pages\/634","targetHints":{"allow":["GET"]}}],"collection":[{"href":"https:\/\/www.himmelhoch.ch\/web\/wp-json\/wp\/v2\/pages"}],"about":[{"href":"https:\/\/www.himmelhoch.ch\/web\/wp-json\/wp\/v2\/types\/page"}],"author":[{"embeddable":true,"href":"https:\/\/www.himmelhoch.ch\/web\/wp-json\/wp\/v2\/users\/1"}],"replies":[{"embeddable":true,"href":"https:\/\/www.himmelhoch.ch\/web\/wp-json\/wp\/v2\/comments?post=634"}],"version-history":[{"count":6,"href":"https:\/\/www.himmelhoch.ch\/web\/wp-json\/wp\/v2\/pages\/634\/revisions"}],"predecessor-version":[{"id":640,"href":"https:\/\/www.himmelhoch.ch\/web\/wp-json\/wp\/v2\/pages\/634\/revisions\/640"}],"wp:featuredmedia":[{"embeddable":true,"href":"https:\/\/www.himmelhoch.ch\/web\/wp-json\/wp\/v2\/media\/540"}],"wp:attachment":[{"href":"https:\/\/www.himmelhoch.ch\/web\/wp-json\/wp\/v2\/media?parent=634"}],"curies":[{"name":"wp","href":"https:\/\/api.w.org\/{rel}","templated":true}]}}